{"id":544,"date":"2025-07-30T16:42:50","date_gmt":"2025-07-30T14:42:50","guid":{"rendered":"https:\/\/golfdebethune.fr\/?page_id=544"},"modified":"2025-08-01T11:40:00","modified_gmt":"2025-08-01T09:40:00","slug":"le-parcours","status":"publish","type":"page","link":"https:\/\/golfdebethune.fr\/index.php\/le-parcours\/","title":{"rendered":"Le Parcours"},"content":{"rendered":"<div class=\"vce-row-container\" data-vce-boxed-width=\"true\"><div class=\"vce-row vce-row--col-gap-30 vce-row-equal-height vce-row-content--top\" id=\"el-f7c68cf8\" data-vce-do-apply=\"all el-f7c68cf8\"><div class=\"vce-row-content\" data-vce-element-content=\"true\"><div class=\"vce-col vce-col--md-auto vce-col--xs-1 vce-col--xs-last vce-col--xs-first vce-col--sm-last vce-col--sm-first vce-col--md-last vce-col--lg-last vce-col--xl-last vce-col--md-first vce-col--lg-first vce-col--xl-first\" id=\"el-b9b0776f\"><div class=\"vce-col-inner\" data-vce-do-apply=\"border margin background  el-b9b0776f\"><div class=\"vce-col-content\" data-vce-element-content=\"true\" data-vce-do-apply=\"padding el-b9b0776f\"><section class=\"vce-hero-section-container vce-hero-section-media--xs vce-hero-section-media--sm vce-hero-section-media--md vce-hero-section-media--lg\"><div class=\"vce vce-hero-section\" id=\"el-ad14498f\" data-vce-background-image-all=\"https:\/\/golfdebethune.fr\/wp-content\/uploads\/2025\/02\/golf5.b57cfeac-e1753880554417.jpg\" data-vce-background-image=\"all\" data-vce-lozad=\"true\" data-vce-do-apply=\"margin background border  el-ad14498f\"><div class=\"vce-hero-section--wrap-row\"><div class=\"vce-hero-section--wrap\"><div class=\"vce-hero-section--content\" data-vce-do-apply=\"padding el-ad14498f\"><div class=\"vce-hero-section--content-container\"><h1>D\u00e9couvrez notre parcours 9 trous<\/h1><\/div><div class=\"vce-button--style-basic-container vce-button--style-basic-container--align-center\"><span class=\"vce-button--style-basic-wrapper vce\" id=\"el-70b05251\" data-vce-do-apply=\"margin el-70b05251\"><a class=\"vce-button vce-button--style-basic vce-button--style-basic--border-round vce-button--style-basic--size-medium vce-button--style-basic--color-b-167-132-97--fff\" href=\"https:\/\/golfdebethune.fr\/wp-content\/uploads\/2025\/07\/Carte-de-sores-2026.pdf\" title=\"\" target=\"_blank\" data-vce-do-apply=\"padding border background  el-70b05251\">Carte de scores<\/a><\/span><\/div><\/div><\/div><\/div><\/div><\/section><\/div><\/div><\/div><\/div><\/div><\/div><div class=\"vce-row-container\" data-vce-boxed-width=\"true\"><div class=\"vce-row vce-row--col-gap-30 vce-row-equal-height vce-row-content--top\" id=\"el-2904acda\" data-vce-do-apply=\"all el-2904acda\"><div class=\"vce-content-background-container\"><\/div><div class=\"vce-row-content\" data-vce-element-content=\"true\"><div class=\"vce-col vce-col--md-auto vce-col--xs-1 vce-col--xs-last vce-col--xs-first vce-col--sm-last vce-col--sm-first vce-col--md-first vce-col--lg-first vce-col--xl-first\" id=\"el-9460b762\"><div class=\"vce-col-inner\" data-vce-do-apply=\"border margin background  el-9460b762\"><div class=\"vce-col-content\" data-vce-element-content=\"true\" data-vce-do-apply=\"padding el-9460b762\"><div class=\"vce-text-block\"><div class=\"vce-text-block-wrapper vce\" id=\"el-971eba03\" data-vce-do-apply=\"all el-971eba03\"><h3 data-start=\"124\" data-end=\"166\"><strong data-start=\"128\" data-end=\"166\">Parcours 9 trous \u2013 Golf de B\u00e9thune<\/strong><\/h3><p data-start=\"168\" data-end=\"308\">Bienvenue sur le parcours 9 trous du <strong data-start=\"205\" data-end=\"224\">Golf de B\u00e9thune<\/strong>, un site accessible \u00e0 tous, pens\u00e9 pour allier plaisir du jeu et exigence technique.<\/p><p data-start=\"310\" data-end=\"612\">Enti\u00e8rement compos\u00e9 de <strong data-start=\"333\" data-end=\"343\">pars 3<\/strong>, le parcours s\u2019\u00e9tend sur <strong data-start=\"369\" data-end=\"385\">1 079 m\u00e8tres<\/strong> pour un total de <strong data-start=\"403\" data-end=\"409\">27<\/strong> sur 9 trous, et <strong data-start=\"426\" data-end=\"442\">2 158 m\u00e8tres<\/strong> pour un par de <strong data-start=\"458\" data-end=\"464\">54<\/strong> en formule 18 trous. Compact, mais loin d\u2019\u00eatre simple, ce trac\u00e9 mettra \u00e0 l\u2019\u00e9preuve votre pr\u00e9cision, votre strat\u00e9gie et votre ma\u00eetrise du petit jeu.<\/p><blockquote data-start=\"614\" data-end=\"934\"><p data-start=\"616\" data-end=\"934\">\ud83c\udfaf <strong data-start=\"619\" data-end=\"656\">Un parcours id\u00e9al pour progresser<\/strong><br>Ce parcours est un v\u00e9ritable terrain d\u2019entra\u00eenement pour les approches et les coups autour du green. Les d\u00e9butants y trouveront un lieu parfait pour apprendre sans pression, tandis que les joueurs confirm\u00e9s appr\u00e9cieront la technicit\u00e9 de chaque trou pour affiner leur jeu court.<\/p><\/blockquote><blockquote data-start=\"936\" data-end=\"1214\"><p data-start=\"938\" data-end=\"1214\">\u26f3 <strong data-start=\"940\" data-end=\"969\">Un d\u00e9fi accessible \u00e0 tous<\/strong><br>Pens\u00e9 pour tous les niveaux, le parcours de B\u00e9thune vous permet de jouer \u00e0 votre rythme. Que vous souhaitiez d\u00e9couvrir le golf ou perfectionner vos comp\u00e9tences, vous profiterez d\u2019un cadre agr\u00e9able, d\u2019un trac\u00e9 fluide et d\u2019un challenge permanent.<\/p><\/blockquote><p data-start=\"1216\" data-end=\"1382\">\ud83d\udccd<strong data-start=\"1218\" data-end=\"1266\">\u00c0 seulement quelques minutes du centre-ville<\/strong>, le Golf de B\u00e9thune vous accueille toute l\u2019ann\u00e9e pour une pratique conviviale, efficace et adapt\u00e9e \u00e0 vos objectifs.<\/p><blockquote data-start=\"132\" data-end=\"388\"><p data-start=\"134\" data-end=\"388\">Notre parcours est accessible <strong data-start=\"164\" data-end=\"184\">sans r\u00e9servation<\/strong>. Pour votre confort, nous vous recommandons de <strong data-start=\"232\" data-end=\"261\">v\u00e9rifier sa disponibilit\u00e9<\/strong> avant votre venue.<br data-start=\"280\" data-end=\"283\">Afin de bien pr\u00e9parer votre partie, vous pouvez \u00e9galement <strong data-start=\"343\" data-end=\"377\">calculer votre handicap de jeu<\/strong> en amont <a href=\"https:\/\/guidegolfs.ffgolf.org\/map\/fr\/slope\" target=\"_blank\" rel=\"noopener\">\ud83d\udd17 <strong data-start=\"393\" data-end=\"430\">Calculer mon handicap de jeu<\/strong><\/a><\/p><\/blockquote><p data-start=\"1216\" data-end=\"1382\">&nbsp;<\/p><\/div><\/div><div class=\"vce-single-image-container vce-single-image--align-left\"><div class=\"vce vce-single-image-wrapper\" id=\"el-192dcb51\" data-vce-do-apply=\"all el-192dcb51\"><figure><div class=\"vce-single-image-figure-inner\" style=\"width: 640px;\"><div class=\"vce-single-image-inner vce-single-image--absolute vce-single-image--border-rounded\" style=\"width: 100%; padding-bottom: 75%;\"><img loading=\"lazy\" decoding=\"async\" class=\"vce-single-image\"  width=\"640\" height=\"480\" srcset=\"https:\/\/golfdebethune.fr\/wp-content\/uploads\/2025\/07\/A-2-640x450.jpg 640w, https:\/\/golfdebethune.fr\/wp-content\/uploads\/2025\/07\/A-2-320x240.jpg 320w, https:\/\/golfdebethune.fr\/wp-content\/uploads\/2025\/07\/A-2-480x360.jpg 480w\" src=\"https:\/\/golfdebethune.fr\/wp-content\/uploads\/2025\/07\/A-2-640x450.jpg\" data-img-src=\"https:\/\/golfdebethune.fr\/wp-content\/uploads\/2025\/07\/A-2.jpg\" data-attachment-id=\"554\"  alt=\"\" title=\"A\" \/><\/div><\/div><figcaption hidden=\"\"><\/figcaption><\/figure><\/div><\/div><\/div><\/div><\/div><div class=\"vce-col vce-col--md-auto vce-col--xs-1 vce-col--xs-last vce-col--xs-first vce-col--sm-last vce-col--sm-first vce-col--md-last vce-col--lg-last vce-col--xl-last\" id=\"el-5c17a44d\"><div class=\"vce-col-inner\" data-vce-do-apply=\"border margin background  el-5c17a44d\"><div class=\"vce-col-content\" data-vce-element-content=\"true\" data-vce-do-apply=\"padding el-5c17a44d\"><div class=\"vce-single-image-container vce-single-image--align-left\"><div class=\"vce vce-single-image-wrapper\" id=\"el-a77ba570\" data-vce-do-apply=\"all el-a77ba570\"><figure><div class=\"vce-single-image-figure-inner\" style=\"width: 1024px;\"><div class=\"vce-single-image-inner vce-single-image--absolute vce-single-image--border-rounded\" style=\"width: 100%; padding-bottom: 75%;\"><img loading=\"lazy\" decoding=\"async\" class=\"vce-single-image\"  width=\"1024\" height=\"768\" srcset=\"https:\/\/golfdebethune.fr\/wp-content\/uploads\/2025\/07\/depart-n\u00b06-2-1-1024x768.jpg 1024w, https:\/\/golfdebethune.fr\/wp-content\/uploads\/2025\/07\/depart-n\u00b06-2-1-800x600.jpg 800w, https:\/\/golfdebethune.fr\/wp-content\/uploads\/2025\/07\/depart-n\u00b06-2-1-320x240.jpg 320w, https:\/\/golfdebethune.fr\/wp-content\/uploads\/2025\/07\/depart-n\u00b06-2-1-480x360.jpg 480w\" src=\"https:\/\/golfdebethune.fr\/wp-content\/uploads\/2025\/07\/depart-n\u00b06-2-1-1024x768.jpg\" data-img-src=\"https:\/\/golfdebethune.fr\/wp-content\/uploads\/2025\/07\/depart-n\u00b06-2-1-scaled-e1753886000209.jpg\" data-attachment-id=\"553\"  alt=\"\" title=\"d\u00e9part n\u00b06 - 2\" \/><\/div><\/div><figcaption hidden=\"\"><\/figcaption><\/figure><\/div><\/div><div class=\"vce-single-image-container vce-single-image--align-left\"><div class=\"vce vce-single-image-wrapper\" id=\"el-daf6fae4\" data-vce-do-apply=\"all el-daf6fae4\"><figure><div class=\"vce-single-image-figure-inner\" style=\"width: 1024px;\"><div class=\"vce-single-image-inner vce-single-image--absolute vce-single-image--border-rounded\" style=\"width: 100%; padding-bottom: 75%;\"><img loading=\"lazy\" decoding=\"async\" class=\"vce-single-image\"  width=\"1024\" height=\"768\" srcset=\"https:\/\/golfdebethune.fr\/wp-content\/uploads\/2025\/07\/arrosage-green-3-1024x768.jpg 1024w, https:\/\/golfdebethune.fr\/wp-content\/uploads\/2025\/07\/arrosage-green-3-800x600.jpg 800w, https:\/\/golfdebethune.fr\/wp-content\/uploads\/2025\/07\/arrosage-green-3-320x240.jpg 320w, https:\/\/golfdebethune.fr\/wp-content\/uploads\/2025\/07\/arrosage-green-3-480x360.jpg 480w\" src=\"https:\/\/golfdebethune.fr\/wp-content\/uploads\/2025\/07\/arrosage-green-3-1024x768.jpg\" data-img-src=\"https:\/\/golfdebethune.fr\/wp-content\/uploads\/2025\/07\/arrosage-green-3-scaled-e1753886045937.jpg\" data-attachment-id=\"552\"  alt=\"\" title=\"arrosage green 3\" \/><\/div><\/div><figcaption hidden=\"\"><\/figcaption><\/figure><\/div><\/div><\/div><\/div><\/div><\/div><\/div><\/div>\n","protected":false},"excerpt":{"rendered":"<p>D\u00e9couvrez notre parcours 9 trousCarte de scoresParcours 9 trous \u2013 Golf de B\u00e9thuneBienvenue sur le parcours 9 trous du Golf de B\u00e9thune, un site accessible \u00e0 tous, pens\u00e9 pour allier plaisir du jeu et exigence technique.Enti\u00e8rement compos\u00e9 de pars 3, le parcours s\u2019\u00e9tend sur 1 079 m\u00e8tres pour un total de 27 sur 9 trous, [&hellip;]<\/p>\n","protected":false},"author":1,"featured_media":0,"parent":0,"menu_order":0,"comment_status":"closed","ping_status":"closed","template":"","meta":{"ocean_post_layout":"","ocean_both_sidebars_style":"","ocean_both_sidebars_content_width":0,"ocean_both_sidebars_sidebars_width":0,"ocean_sidebar":"","ocean_second_sidebar":"","ocean_disable_margins":"enable","ocean_add_body_class":"","ocean_shortcode_before_top_bar":"","ocean_shortcode_after_top_bar":"","ocean_shortcode_before_header":"","ocean_shortcode_after_header":"","ocean_has_shortcode":"","ocean_shortcode_after_title":"","ocean_shortcode_before_footer_widgets":"","ocean_shortcode_after_footer_widgets":"","ocean_shortcode_before_footer_bottom":"","ocean_shortcode_after_footer_bottom":"","ocean_display_top_bar":"default","ocean_display_header":"default","ocean_header_style":"","ocean_center_header_left_menu":"","ocean_custom_header_template":"","ocean_custom_logo":0,"ocean_custom_retina_logo":0,"ocean_custom_logo_max_width":0,"ocean_custom_logo_tablet_max_width":0,"ocean_custom_logo_mobile_max_width":0,"ocean_custom_logo_max_height":0,"ocean_custom_logo_tablet_max_height":0,"ocean_custom_logo_mobile_max_height":0,"ocean_header_custom_menu":"","ocean_menu_typo_font_family":"","ocean_menu_typo_font_subset":"","ocean_menu_typo_font_size":0,"ocean_menu_typo_font_size_tablet":0,"ocean_menu_typo_font_size_mobile":0,"ocean_menu_typo_font_size_unit":"px","ocean_menu_typo_font_weight":"","ocean_menu_typo_font_weight_tablet":"","ocean_menu_typo_font_weight_mobile":"","ocean_menu_typo_transform":"","ocean_menu_typo_transform_tablet":"","ocean_menu_typo_transform_mobile":"","ocean_menu_typo_line_height":0,"ocean_menu_typo_line_height_tablet":0,"ocean_menu_typo_line_height_mobile":0,"ocean_menu_typo_line_height_unit":"","ocean_menu_typo_spacing":0,"ocean_menu_typo_spacing_tablet":0,"ocean_menu_typo_spacing_mobile":0,"ocean_menu_typo_spacing_unit":"","ocean_menu_link_color":"","ocean_menu_link_color_hover":"","ocean_menu_link_color_active":"","ocean_menu_link_background":"","ocean_menu_link_hover_background":"","ocean_menu_link_active_background":"","ocean_menu_social_links_bg":"","ocean_menu_social_hover_links_bg":"","ocean_menu_social_links_color":"","ocean_menu_social_hover_links_color":"","ocean_disable_title":"default","ocean_disable_heading":"default","ocean_post_title":"","ocean_post_subheading":"","ocean_post_title_style":"","ocean_post_title_background_color":"","ocean_post_title_background":0,"ocean_post_title_bg_image_position":"","ocean_post_title_bg_image_attachment":"","ocean_post_title_bg_image_repeat":"","ocean_post_title_bg_image_size":"","ocean_post_title_height":0,"ocean_post_title_bg_overlay":0.5,"ocean_post_title_bg_overlay_color":"","ocean_disable_breadcrumbs":"default","ocean_breadcrumbs_color":"","ocean_breadcrumbs_separator_color":"","ocean_breadcrumbs_links_color":"","ocean_breadcrumbs_links_hover_color":"","ocean_display_footer_widgets":"default","ocean_display_footer_bottom":"default","ocean_custom_footer_template":"","footnotes":""},"class_list":["post-544","page","type-page","status-publish","hentry","entry"],"_links":{"self":[{"href":"https:\/\/golfdebethune.fr\/index.php\/wp-json\/wp\/v2\/pages\/544","targetHints":{"allow":["GET"]}}],"collection":[{"href":"https:\/\/golfdebethune.fr\/index.php\/wp-json\/wp\/v2\/pages"}],"about":[{"href":"https:\/\/golfdebethune.fr\/index.php\/wp-json\/wp\/v2\/types\/page"}],"author":[{"embeddable":true,"href":"https:\/\/golfdebethune.fr\/index.php\/wp-json\/wp\/v2\/users\/1"}],"replies":[{"embeddable":true,"href":"https:\/\/golfdebethune.fr\/index.php\/wp-json\/wp\/v2\/comments?post=544"}],"version-history":[{"count":9,"href":"https:\/\/golfdebethune.fr\/index.php\/wp-json\/wp\/v2\/pages\/544\/revisions"}],"predecessor-version":[{"id":584,"href":"https:\/\/golfdebethune.fr\/index.php\/wp-json\/wp\/v2\/pages\/544\/revisions\/584"}],"wp:attachment":[{"href":"https:\/\/golfdebethune.fr\/index.php\/wp-json\/wp\/v2\/media?parent=544"}],"curies":[{"name":"wp","href":"https:\/\/api.w.org\/{rel}","templated":true}]}}